 - 379 = -9*a. What is the greatest common factor of a and 20?
10
Suppose -r = -3*r - 4*q - 12, 4*q - 4 = 0. Let m be r*(-3)/(-12)*-5. Calculate the greatest common factor of 70 and m.
10
Let o = 83 + -51. Calculate the greatest common divisor of o and 64.
32
Let j = 2 + 2. Let i(t) = t + 14. Let n be i(10). What is the highest common factor of n and j?
4
Suppose 0 = r + r - 2. Let p be 3/r + (-115)/(-5). Let h(j) = 64*j**2 + 2*j - 1. Let t be h(1). Calculate the greatest common divisor of t and p.
13
Let c be 0*3/(-6)*1. Suppose c*q + 80 = 2*q. Suppose -8*n = -3*n - q. Calculate the highest common divisor of n and 16.
8
Suppose -21 = 5*l - 2*l. Let t be (-18)/12 - l/2. Calculate the highest common divisor of t and 1.
1
Suppose -2*m - 11 = -5*c, -2*m + 24 = 5*c - 15. Calculate the highest common factor of m and 28.
7
Let k(y) = 8*y + 8. Let s(r) = -r - 1. Let g(v) = 2*k(v) + 18*s(v). Let l be g(3). Let d = l - -11. Calculate the greatest common divisor of d and 18.
3
Let x = 6 + 8. What is the highest common divisor of 28 and x?
14
Let g = -3 + 6. Suppose b - 3*b + 54 = 0. What is the highest common divisor of b and g?
3
Suppose -4*h = 43 - 127. Let u = -5 - -8. Calculate the greatest common divisor of u and h.
3
Let k(v) = 2*v - 3. Let q be k(3). Calculate the highest common divisor of q and 2.
1
Let o be ((-16)/4)/(-2) + 1. Suppose -15 = -o*f + 21. What is the greatest common divisor of 96 and f?
12
Let m(c) = c**2 - 7*c - 7. Let t be m(9). Calculate the highest common factor of t and 44.
11
Let d = -6 + 14. Calculate the greatest common divisor of 8 and d.
8
Suppose 54 = 3*d + u + 1, -3*d + 2*u + 47 = 0. Let n = d - 3. Suppose 3*m + 155 = 4*a, 4*a + 2*m = 4*m + 150. Calculate the highest common factor of a and n.
7
Suppose 6*z = 2*z. Suppose o - 5*j - 50 = z, -j = o - 17 - 9. What is the highest common divisor of o and 12?
6
Let c(j) = j**3 + j**2 - j + 1. Let h be (2 - 2)/(2/(-1)). Let l be c(h). Let q be 2 + 1*(2 + l). What is the greatest common divisor of q and 10?
5
Let x be (-5558)/(-21) - (-2)/(-3). What is the greatest common factor of 33 and x?
33
Suppose 4*i - 2*o - 810 = 3*o, 3*i + 4*o - 592 = 0. Calculate the highest common divisor of i and 25.
25
Let u be (-1 - 3) + 7 - -2. What is the highest common divisor of 40 and u?
5
Let t be -12 + (-1)/1*0. Let f be 1 - 1 - t/1. Calculate the greatest common divisor of f and 30.
6
Let t = -1 - -4. Calculate the greatest common factor of 3 and t.
3
Suppose 12*c = 10*c + 110. Calculate the highest common factor of 22 and c.
11
Let l = 116 + -111. Calculate the greatest common divisor of 35 and l.
5
Let p(x) = -x**3 + 7*x**2 + 9*x - 1. Let h be p(8). What is the highest common divisor of 98 and h?
7
Let p(b) = b**2 - 3*b - 1. Let n be p(3). Let a(d) = -15*d + 1. Let c be a(n). What is the highest common factor of 40 and c?
8
Let r = -37 - -53. Let o = -22 + 38. What is the highest common factor of o and r?
16
Let n be 15/(-6)*1*-2. Let z = n + -1. What is the highest common divisor of z and 44?
4
Suppose s = 7 - 2. Let p(n) = -n + 7. Let r be p(s). Let l be 3/(-12)*r*-16. Calculate the greatest common divisor of l and 32.
8
Suppose -5*y - 3*z - z = 120, 20 = -4*z. Let u = y - -28. Calculate the highest common factor of 4 and u.
4
Let t be (-4 - -3)/((-3)/24). Suppose -194 = -3*y - 2*y - 3*z, 0 = 3*y - 2*z - 124. What is the highest common factor of t and y?
8
Let k = 22 + -16. Suppose 755 = v - k*v. Let p = -106 - v. What is the greatest common divisor of p and 18?
9
Let p(x) = x + 13. Let f be p(-9). Calculate the highest common divisor of f and 10.
2
Let y be (27/(-6))/(2/8). Let t = y - -26. Suppose t*j = 5*j + 60. What is the greatest common divisor of j and 30?
10
Suppose 0 = -4*q - q. Let b = 9 + q. Let l be 8/(-36) + 191/b. Calculate the highest common divisor of l and 14.
7
Let g(d) = 79 - 2*d - 79. Let i be g(-3). Calculate the highest common divisor of 4 and i.
2
Suppose 3*g = -2*g + 120. Let r be g/(-16)*(-4)/2. Suppose -1 = p - r. Calculate the greatest common divisor of 6 and p.
2
Let p be (-4)/2*(5 + -3). Let i be 9 - (p*1)/(-2). Suppose -4*s - i = -w + 1, -5*s - 9 = -w. What is the highest common divisor of 4 and w?
4
Let l = 3 + 0. Suppose 43 = l*s + 4. What is the highest common divisor of 39 and s?
13
Suppose 2*m - 10 = -2*m - 2*g, 30 = 5*m - g. Let q be 24/9*3/2. Let i be (6/q - 1)*50. What is the greatest common divisor of m and i?
5
Suppose 11 = 6*z - 31. Calculate the highest common factor of 7 and z.
7
Let z = -165 - -235. Calculate the highest common divisor of 14 and z.
14
Let v(j) = j**2 - 17*j + 46. Let u be v(16). Suppose 4*o + 5*r = 25, -2*o - 4*r + 8 = -0*o. What is the greatest common divisor of u and o?
10
Suppose -3*j + 130 = -2. Suppose -2*i - 3*h + 5*h = j, 46 = -i - 5*h. Let s = 110 + i. Calculate the greatest common factor of s and 12.
12
Let q be (-14)/(0 + 2)*-1. Let c(m) = -m**3 - 5*m**2 - 5*m - 1. Let j be c(-4). Let g be 6 + (j - 2)*1. What is the highest common factor of q and g?
7
Let a(c) = -5*c. Let n be a(-10). What is the highest common divisor of n and 20?
10
Let h = -81 + 95. What is the greatest common divisor of h and 21?
7
Let a(m) = m - 5. Suppose -v = 2 - 9. Let q be a(v). Let i be (-220)/(-18) - q/9. Calculate the greatest common factor of i and 60.
12
Suppose -4*u - 5*y + 70 = -2*y, -18 = -u - y. Suppose 0 = v + c - 0*c - 3, -4*c - u = -3*v. Calculate the highest common factor of 4 and v.
4
Let z be (-5*16)/(-15 - -14). What is the greatest common divisor of 20 and z?
20
Let k = 4 - 1. Let n be (k/(-4))/((-1)/4). Suppose -3*g = -4*t + 13, n*g = -5*t + t + 19. Calculate the greatest common factor of t and 36.
4
Let c = -13 - -28. Let w be 150*(-1 + (1 - -1)). What is the highest common factor of c and w?
15
Suppose -c = -3 - 3. Suppose -n = -h - 6, -h + 5*n + c = 28. Let p(x) = x**3 + 5*x**2 - 2. Let t be p(h). What is the greatest common factor of t and 15?
5
Suppose 0 = 2*h + 71 + 23. Let c = h - -127. Calculate the greatest common divisor of c and 32.
16
Let d(r) = 11 - 11 - 20*r. Let w be d(-11). What is the highest common factor of 20 and w?
20
Let b be 0 - (1 + (-4)/1). Let t(h) = 7*h. Let j be t(b). What is the highest common factor of j and 14?
7
Let s = 217 - 84. Calculate the greatest common divisor of s and 19.
19
Suppose -4*i - u - 43 = 0, -u + 3 - 6 = 0. Let s(t) = t**2 + 10*t + 13. Let o be s(i). Calculate the highest common divisor of 104 and o.
13
Let g(u) = -u**3 + 2*u**2 + 2*u + 1. Let o be g(-1). Let n = o + 4. What is the highest common factor of n and 48?
6
Let c = -25 - -39. Let l = c - 1. What is the highest common factor of l and 26?
13
Let p(a) = 53*a**2 + 3*a + 9. Let z be p(-2). Calculate the greatest common divisor of 43 and z.
43
Suppose 105 = 4*i - 183. Let a = i + -38. What is the highest common divisor of a and 17?
17
Suppose 0*v - 5*v = -100. Let d = 34 - v. Calculate the greatest common factor of d and 42.
14
Let p(i) = 8*i**2 + 10*i + 10. Let n be p(-9). Suppose -3*s = -n + 136. Calculate the highest common divisor of 18 and s.
18
Let l = -172 - -192. Calculate the greatest common factor of 8 and l.
4
Let j(k) be the first derivative of k**4/4 + 5*k**3/3 - 3*k**2/2 + 7*k - 2. Let b = -13 + 8. Let c be j(b). Calculate the highest common divisor of c and 11.
11
Let i = 201 - 123. Calculate the highest common divisor of 26 and i.
26
Suppose -5*n = 3*n - 160. Calculate the greatest common factor of n and 180.
20
Let j be 1/3 - (-1316)/21. Let k = -39 + j. What is the greatest common divisor of k and 60?
12
Suppose 3*z + 4*m + 6 = 0, -2*z - 1 = -m - 8. Suppose -3*u = -4 - z. Suppose u*j - 1 = 17. What is the highest common divisor of 1 and j?
1
Let j(i) = i**2 + 2*i + 2. Let r be j(-2). Suppose -12 = -0*x + r*x. Let b be 30*1*(-3)/x. Calculate the highest common divisor of b and 5.
5
Let m be 1/(-2 + 111/54). Suppose m = 3*v - v. Suppose -3*x = 2*x - 30. What is the highest common divisor of x and v?
3
Let c = 29 + 61. Suppose -5*h = -5*b + b + 185, b - 5*h - 35 = 0. Suppose -5*y = -y + 2*v - 36, b = 4*y - 5*v. Calculate the highest common divisor of c and y.
10
Let q(c) = -8*c + 18. Let i be q(-4). What is the highest common factor of i and 20?
10
Suppose -p + 0*p = -5. Suppose p*g - 6 = 4. Suppose 0